base 15) to base 16
-6
What is 14 (base 13) in base 10?
17
-3 (base 8) to base 14
-3
What is 3 (base 10) in base 16?
3
What is -6 (base 13) in base 9?
-6
Convert -325 (base 7) to base 4.
-2212
What is 13 (base 11) in base 7?
20
-400 (base 5) to base 2
-1100100
What is 3 (base 14) in base 8?
3
23 (base 13) to base 12
25
-1 (base 10) to base 12
-1
1111 (base 2) to base 8
17
What is -100 (base 3) in base 10?
-9
Convert -1 (base 12) to base 15.
-1
-21 (base 4) to base 9
-10
Convert -20 (base 5) to base 2.
-1010
Convert 100 (base 3) to base 15.
9
-33 (base 16) to base 15
-36
Convert 26 (base 13) to base 5.
112
Convert 17 (base 16) to base 8.
27
Convert -5 (base 9) to base 5.
-10
Convert -b (base 14) to base 13.
-b
-6 (base 11) to base 3
-20
What is 58 (base 11) in base 16?
3f
What is b (base 14) in base 13?
b
-12100 (base 3) to base 14
-a4
What is -9 (base 11) in base 3?
-100
What is -5 (base 15) in base 12?
-5
1e (base 15) to base 11
27
Convert -3 (base 14) to base 10.
-3
-25 (base 16) to base 6
-101
What is -43 (base 14) in base 7?
-113
4 (base 13) to base 10
4
-4 (base 7) to base 4
-10
-10012 (base 3) to base 4
-1112
-74 (base 8) to base 2
-111100
What is -1012 (base 3) in base 4?
-200
Convert -10220 (base 3) to base 7.
-210
-7 (base 16) to base 8
-7
Convert -2 (base 15) to base 5.
-2
124 (base 5) to base 3
1110
What is -1 (base 16) in base 5?
-1
Convert 1 (base 14) to base 9.
1
123 (base 8) to base 11
76
Convert 4 (base 16) to base 11.
4
Convert -21 (base 3) to base 5.
-12
Convert -28 (base 12) to base 16.
-20
What is 4 (base 5) in base 11?
4
What is -2 (base 14) in base 6?
-2
2222 (base 4) to base 10
170
What is -6 (base 13) in base 15?
-6
Convert 0 (base 12) to base 14.
0
Convert 3 (base 12) to base 7.
3
-43 (base 6) to base 10
-27
Convert 1 (base 4) to base 10.
1
What is -3 (base 13) in base 7?
-3
Convert -2d (base 15) to base 7.
-61
233 (base 6) to base 11
85
-8 (base 9) to base 4
-20
-6 (base 12) to base 2
-110
-1 (base 11) to base 3
-1
-2 (base 13) to base 11
-2
What is 136 (base 8) in base 13?
73
What is -41 (base 5) in base 6?
-33
8a (base 14) to base 15
82
What is d (base 14) in base 9?
14
What is 40 (base 8) in base 2?
100000
What is 11 (base 3) in base 4?
10
Convert 10021 (base 4) to base 12.
1a1
What is 1441 (base 5) in base 14?
138
Convert 95 (base 12) to base 7.
221
Convert 11200 (base 3) to base 2.
1111110
What is -1 (base 14) in base 10?
-1
0 (base 8) to base 11
0
-7 (base 16) to base 13
-7
What is 8 (base 9) in base 15?
8
18 (base 16) to base 7
33
What is 6 (base 9) in base 6?
10
What is -11 (base 2) in base 13?
-3
Convert -2c (base 15) to base 9.
-46
Convert -28 (base 10) to base 7.
-40
7 (base 10) to base 5
12
What is e (base 15) in base 4?
32
-10000 (base 2) to base 5
-31
-1111000 (base 2) to base 3
-11110
Convert 216 (base 9) to base 11.
151
Convert -6a (base 11) to base 2.
-1001100
Convert 1 (base 9) to base 16.
1
Convert 27 (base 8) to base 10.
23
Convert -129 (base 13) to base 6.
-540
120 (base 3) to base 16
f
a (base 13) to base 16
a
What is -4 (base 11) in base 12?
-4
Convert 3 (base 14) to base 3.
10
Convert -2b (base 14) to base 16.
-27
What is -17 (base 9) in base 16?
-10
-2 (base 16) to base 12
-2
Convert 31 (base 7) to base 15.
17
-2 (base 14) to base 15
-2
What is -3 (base 10) in base 14?
-3
110 (base 2) to base 5
11
-2 (base 4) to base 2
-10
Convert 102021 (base 3) to base 6.
1224
What is -22 (base 7) in base 2?
-10000
What is -35 (base 6) in base 5?
-43
Convert 52 (base 11) to base 3.
2010
What is 7a (base 14) in base 16?
6c
Convert -1 (base 16) to base 12.
-1
2 (base 11) to base 5
2
8a (base 16) to base 10
138
Convert 48 (base 11) to base 14.
3a
What is 11 (base 4) in base 7?
5
Convert 122 (base 4) to base 5.
101
Convert 1 (base 6) to base 14.
1
0 (base 7) to base 11
0
What is -1 (base 12) in base 11?
-1
Convert -3201 (base 4) to base 3.
-22100
What is 0 (base 11) in base 10?
0
-12210 (base 3) to base 7
-312
What is -2 (base 13) in base 10?
-2
-44 (base 6) to base 2
-11100
What is 8 (base 9) in base 10?
8
13 (base 4) to base 16
7
0 (base 12) to base 5
0
-c (base 13) to base 2
-1100
Convert -10 (base 2) to base 3.
-2
Convert 0 (base 15) to base 3.
0
What is 0 (base 10) in base 3?
0
-2 (base 16) to base 12
-2
Convert 5 (base 12) to base 15.
5
What is 22 (base 10) in base 6?
34
Convert 52 (base 12) to base 6.
142
What is -3 (base 16) in base 8?
-3
What is -23 (base 4) in base 10?
-11
Convert -3 (base 16) to base 14.
-3
Convert 161 (base 7) to base 6.
232
Convert 0 (base 16) to base 2.
0
11 (base 7) to base 15
8
Convert 10 (base 3) to base 2.
11
What is -2 (base 16) in base 5?
-2
What is -18 (base 12) in base 11?
-19
What is 17 (base 8) in base 7?
21
-3 (base 15) to base 2
-11
Convert 10 (base 2) to base 9.
2
41 (base 9) to base 13
2b
Convert 8f (base 16) to base 10.
143
Convert 23 (base 9) to base 3.
210
1 (base 16) to base 3
1
What is 2 (base 15) in base 13?
2
What is 21 (base 3) in base 12?
7
Convert 13 (base 7) to base 14.
a
What is -4 (base 14) in base 16?
-4
What is -10100000 (base 2) in base 7?
-316
Convert 0 (base 15) to base 10.
0
What is 17 (base 9) in base 4?
100
251 (base 8) to base 12
121
302 (base 5) to base 2
1001101
Convert 20 (base 16) to base 8.
40
-7 (base 8) to base 15
-7
22 (base 7) to base 13
13
What is 0 (base 14) in base 6?
0
What is -13 (base 4) in base 16?
-7
What is 3 (base 13) in base 12?
3
Convert 11 (base 3) to base 10.
4
367 (base 10) to base 9
447
-1201 (base 3) to base 9
-51
-202 (base 4) to base 15
-24
-2 (base 6) to base 3
-2
Convert -242 (base 11) to base 4.
-10200
-1111 (base 2) to base 9
-16
What is 24 (base 10) in base 8?
30
-11112 (base 3) to base 8
-172
What is 1 (base 13) in base 2?
1
-100 (base 4) to base 12
-14
-d (base 14) to base 16
-d
2 (base 13) to base 5
2
12 (base 8) to base 7
13
Convert 8 (base 11) to base 15.
8
Convert -1 (base 12) to base 6.
-1
Convert -3 (base 15) to base 2.
-11
-123 (base 8) to base 12
-6b
What is 2 (base 10) in base 2?
10
What is 6 (base 12) in base 6?
10
-22 (base 9) to base 15
-15
-2 (base 14) to base 9
-2
3 (base 6) to base 15
3
-14 (base 7) to base 15
-b
What is -2a (base 13) in base 7?
-51
Convert 14 (base 12) to base 15.
11
Convert -12 (base 5) to base 15.
-7
Convert -11 (base 5) to base 15.
-6
What is 18 (base 11) in base 3?
201
What is -44 (base 8) in base 2?
-100100
1002 (base 3) to base 4
131
1010 (base 3) to base 6
50
What is -df (base 16) in base 3?
-22021
What is -5 (base 16) in base 13?
-5
Convert 46 (base 12) to base 10.
54
4 (base 9) to base 11
4
-1000001 (base 2) to base 5
-230
Convert 1 (base 14) to base 2.
1
What is -9 (base 16) in base 12?
-9
Convert -8 (base 14) to base 16.
-8
What is -1020 (base 3) in base 13?
-27
Convert 266 (base 9) to base 2.
11011110
Convert -101 (base 3) to base 10.
-10
22 (base 3) to base 16
8
What is 2200 (base 3) in base 13?
57
30 (base 13) to base 15
29
-4 (base 10) to base 6
-4
What is -4 (base 15) in base 11?
-4
1 (base 10) to base 9
1
-1 (base 10) to base 6
-1
Convert ba (base 12) to base 2.
10001110
Convert 1121 (base 3) to base 8.
53
-21 (base 6) to base 4
-31
-1 (base 14) to base 7
-1
What is 142 (base 9) in base 12?
9b
What is 102110 (base 3) in base 6?
1233
Convert 1303 (base 4) to base 5.
430
-7 (base 16) to base 15
-7
What is 0 (base 16) in base 3?
0
Convert 120 (base 4) to base 6.
40
Convert -1 (base 3) to base 16.
-1
13 (base 10) to base 13
10
Convert 7 (base 12) to base 7.
10
-105 (base 7) to base 9
-60
What is -1 (base 3) in base 5?
-1
What is -b (base 16) in base 10?
-11
Convert 61 (base 10) to base 11.
56
Convert -10 (base 2) to base 4.
-2
-2 (base 4) to base 6
-2
Convert -1100010 (base 2) to base 10.
-98
Convert -56 (base 13) to base 9.
-78
What is 3 (base 8) in base 15?
3
What is 1 (base 12) in base 4?
1
Convert -3 (base 13) to base 2.
-11
What is 32 (base 10) in base 4?
200
108 (base 14) to base 15
d9
71 (base 13) to base 15
62
What is -14 (base 13) in base 2?
-10001
What is 9 (base 13) in base 2?
1001
-17 (base 8) to base 7
-21
Convert -324 (base 5) to base 6.
-225
What is -15 (base 7) in base 12?
-10
What is -211 (base 6) in base 14?
-59
2 (base 6) to base 16
2
Convert -b (base 13) to base 11.
-10
What is c (base 16) in base 11?
11
What is -1011101 (base 2) in base 4?
-